-5677b1
Convert 696507 (base 14) to base 3.
20202101202010
-123231133211 (base 4) to base 6
-415410405
What is b05730 (base 13) in base 15?
55db55
What is -5a9085 (base 15) in base 16?
-422039
What is -3234248 (base 10) in base 6?
-153153212
31553111 (base 7) to base 12
a96078
-123c052 (base 13) to base 6
-321435141
Convert 22a1015 (base 12) to base 14.
c5bd29
11443304 (base 5) to base 9
175717
Convert -110073 (base 12) to base 13.
-95979
Convert -81043 (base 9) to base 12.
-269a0
What is -4d039 (base 15) in base 8?
-741235
Convert -11100101111100101001 (base 2) to base 9.
-1684886
4830604 (base 9) to base 11
152920a
Convert -10001303 (base 6) to base 5.
-32432023
-339435 (base 12) to base 6
-25402505
What is -49a39 (base 13) in base 10?
-135755
Convert 11a4538 (base 12) to base 9.
6437268
22042 (base 8) to base 6
110454
Convert -101301212020 (base 4) to base 16.
-471988
Convert d1dc9 (base 15) to base 11.
414375
What is -457366 (base 10) in base 5?
-104113431
354511340 (base 6) to base 10
6665676
3401255 (base 7) to base 15
8498b
Convert -1307000 (base 11) to base 10.
-2264031
-120111012012 (base 3) to base 13
-a89bc
What is bb1a (base 15) in base 12?
1ab21
14214422 (base 6) to base 8
1662116
Convert 33ccea (base 15) to base 5.
1113122140
What is -270c53 (base 14) in base 9?
-2472640
1818b (base 13) to base 2
1011010101010101
What is -4255d (base 15) in base 2?
-110011011000011111
Convert 11111010101010110 (base 2) to base 4.
133111112
What is -3a4038 (base 14) in base 6?
-111015202
What is -66c02 (base 16) in base 3?
-210101022122
What is 12036624 (base 8) in base 4?
22003312110
-256d48 (base 14) to base 3
-2102101011102
Convert -6304343 (base 7) to base 2.
-10111001000001101001
2174776 (base 8) to base 10
588286
What is 21a7450 (base 11) in base 7?
44545632
What is 100101001011100000 (base 2) in base 10?
152288
What is 750723 (base 8) in base 3?
110201101020
What is -8a91 (base 13) in base 4?
-10232320
What is -381315 (base 11) in base 2?
-10010010111110000111
What is -11721165 (base 8) in base 6?
-131401233
What is a8529 (base 15) in base 6?
15242050
Convert 232414321 (base 5) to base 11.
66491a
What is -131104024 (base 5) in base 6?
-21450412
Convert 12551 (base 7) to base 6.
23332
What is 1010101001001001000 (base 2) in base 14?
91144
-34d92a (base 15) to base 12
-a1a171
What is -305200 (base 9) in base 8?
-541332
Convert 11010000010011101001101 (base 2) to base 9.
13753217
2310122133 (base 4) to base 15
e8e50
Convert 487771 (base 14) to base 9.
4587861
-6a966a (base 14) to base 5
-1412341240
13431310 (base 6) to base 15
8ed36
Convert 13000022210 (base 4) to base 9.
3407068
-815102 (base 15) to base 5
-3033031402
265070 (base 12) to base 6
21304220
24a342 (base 15) to base 11
a9a125
What is 11000001110001001 (base 2) in base 15?
1e5de
3112221221 (base 4) to base 5
211113314
-3f59e9 (base 16) to base 9
-7727154
-6116b6 (base 12) to base 3
-2212001012010
What is -747236 (base 8) in base 6?
-5203034
2211211212 (base 3) to base 12
28505
15051b (base 13) to base 8
1755627
Convert 737282 (base 9) to base 5.
103011430
Convert 6756184 (base 10) to base 13.
1527256
7057282 (base 10) to base 16
6baf82
What is 110d5 (base 14) in base 12?
1bb17
What is 1110111001010100 (base 2) in base 10?
61012
-1014264 (base 10) to base 11
-633039
69b0 (base 16) to base 4
12212300
-300000023 (base 6) to base 9
-10430016
1180515 (base 10) to base 2
100100000001101100011
6ec0 (base 16) to base 15
8602
203533531 (base 6) to base 9
6588741
-3021203011 (base 4) to base 12
-3398b1
242433411 (base 5) to base 3
2010220120220
Convert -431445 (base 7) to base 2.
-10010010011111011
What is -2452 (base 15) in base 4?
-1320233
Convert 227657 (base 8) to base 6.
1355531
Convert -20506 (base 8) to base 7.
-33556
Convert 357745 (base 9) to base 13.
77216
Convert -308804 (base 12) to base 11.
-480121
Convert 4abb5 (base 16) to base 9.
515802
-53010305 (base 6) to base 13
-41c58b
What is 91010 (base 11) in base 16?
207f7
429029 (base 10) to base 6
13110125
What is -130332130 (base 4) in base 8?
-347634
What is 1101101111010111 (base 2) in base 15?
11a1e
1311053 (base 8) to base 13
ca247
What is -22542332 (base 6) in base 2?
-10101010010111010000
What is a9dfb (base 16) in base 11?
435849
What is -3002023 (base 5) in base 15?
-de78
9c291 (base 13) to base 12
118339
What is 632741 (base 10) in base 4?
2122132211
-2225044 (base 6) to base 12
-55184
Convert 298752 (base 12) to base 14.
142b38
What is -1a9657 (base 13) in base 16?
-a5782
-212341 (base 7) to base 11
-25785
Convert 80507b (base 13) to base 9.
5543671
b0ab4 (base 12) to base 14
5d9b2
What is 6592296 (base 10) in base 16?
649728
What is -485358 (base 10) in base 14?
-c8c46
What is -2138878 (base 10) in base 12?
-87193a
-cb0d6 (base 16) to base 11
-518963
Convert 176271 (base 10) to base 13.
62304
Convert 13303322010 (base 4) to base 5.
1011010440
What is 300300010 (base 5) in base 3?
2020000101012
Convert 2db32 (base 14) to base 9.
184308
Convert -41a490 (base 11) to base 3.
-1021011211020
What is 197357 (base 10) in base 7?
1451246
-1715771 (base 8) to base 6
-14404413
-131434034 (base 5) to base 16
-a009f
What is -416c7 (base 13) in base 9?
-188306
Convert -4e119 (base 15) to base 2.
-111101000010001111
Convert 202344 (base 5) to base 4.
1213013
What is 203013451 (base 6) in base 13?
9578b3
Convert -12541241 (base 6) to base 15.
-83b1a
What is 397780 (base 10) in base 11?
251949
Convert 76123343 (base 8) to base 15.
166d51b
-11612 (base 15) to base 5
-3232432
405445 (base 8) to base 7
1065311
Convert 1787026 (base 9) to base 3.
1212221000220
-239112 (base 12) to base 16
-8c85e
Convert 10230233331 (base 4) to base 12.
4b4a79
What is 1042812 (base 10) in base 6?
34203500
What is -320e7c (base 15) in base 11?
-1388129
Convert 536602 (base 7) to base 9.
152341
What is 36344 (base 7) in base 9?
13848
-102020101210102 (base 3) to base 7
-101521355
-35187 (base 12) to base 4
-101112313
Convert 11001101011000010 (base 2) to base 14.
2a470
-13124225 (base 6) to base 16
-69479
Convert 185845 (base 10) to base 11.
1176a0
-11115340 (base 6) to base 7
-2602101
Convert -335164 (base 8) to base 2.
-11011101001110100
7bbb0 (base 13) to base 16
37330
-4234524 (base 6) to base 7
-1521601
What is -101122100022020 (base 3) in base 12?
-1a89050
Convert 267157 (base 8) to base 10.
93807
47099 (base 12) to base 9
154470
-201000223113 (base 4) to base 14
-1213891
Convert -11001011110000110111 (base 2) to base 15.
-117460
Convert c7cc7 (base 13) to base 7.
3030305
Convert 333424022 (base 6) to base 7.
102310544
-113298 (base 16) to base 4
-10103022120
Convert -1ccbe (base 16) to base 6.
-2310022
-1100110000000110011110 (base 2) to base 13
-900678
-50b46 (base 12) to base 9
-170420
What is -138229 (base 11) in base 8?
-645527
What is 9d346 (base 16) in base 8?
2351506
What is -99137 (base 13) in base 8?
-1035055
-b6469 (base 14) to base 6
-13232353
Convert -a96a3 (base 11) to base 3.
-22002102100
-200212111202121 (base 3) to base 9
-20774677
12120120100120 (base 3) to base 12
bab0a3
Convert -1b678 (base 15) to base 13.
-317b7
What is 22510241 (base 6) in base 9?
1266217
38e7bd (base 16) to base 3
21000110200202
-100111110010001011 (base 2) to base 14
-43559
Convert -120420321 (base 5) to base 15.
-b120b
Convert 10101212012 (base 3) to base 5.
4120330
Convert -1001220120120 (base 3) to base 8.
-2127320
Convert -267454 (base 9) to base 8.
-476174
What is -14a89b (base 14) in base 15?
-e37c3
212111300 (base 4) to base 11
a7a94
-1087025 (base 11) to base 13
-515bc7
Convert 65239 (base 14) to base 9.
412543
-8109e9 (base 16) to base 7
-131611022
Convert 2e5df1 (base 16) to base 6.
145044025
What is -6c390 (base 15) in base 3?
-122112100000
Convert -81d467 (base 15) to base 7.
-103306534
-65713141 (base 8) to base 12
-4894429
Convert 12021100211 (base 3) to base 11.
70a79
What is -21110102110 (base 3) in base 4?
-203312112
Convert 220121112112 (base 3) to base 14.
c8796
What is 5c067 (base 13) in base 10?
169254
What is -97464 (base 12) in base 4?
-300223030
-1010101110010101111000 (base 2) to base 5
-1204430011
Convert 3232236 (base 7) to base 14.
a3b1d
Convert 12367557 (base 8) to base 15.
394481
3222420 (base 5) to base 7
315402
What is 10fb368 